the highest common factor of 45 and 5.
5
What is the greatest common factor of 57 and 741?
57
Calculate the greatest common divisor of 329 and 7.
7
Calculate the greatest common factor of 8 and 4.
4
Calculate the highest common divisor of 189 and 1071.
63
Calculate the highest common factor of 32 and 352.
32
Calculate the greatest common divisor of 38 and 1102.
38
Calculate the highest common factor of 30 and 48.
6
What is the highest common factor of 69 and 759?
69
Calculate the highest common factor of 2 and 19.
1
Calculate the highest common divisor of 1030 and 50.
10
Calculate the greatest common factor of 533 and 41.
41
What is the greatest common factor of 378 and 6678?
126
What is the highest common divisor of 8 and 1832?
8
Calculate the greatest common divisor of 49 and 20972.
49
Calculate the highest common factor of 6 and 44.
2
What is the greatest common divisor of 4 and 34?
2
Calculate the greatest common factor of 799 and 85.
17
What is the highest common factor of 140 and 252?
28
Calculate the greatest common factor of 18369 and 117.
117
What is the highest common divisor of 11 and 99?
11
Calculate the highest common factor of 2139 and 372.
93
What is the highest common factor of 155 and 335?
5
Calculate the greatest common divisor of 836 and 88.
44
Calculate the greatest common divisor of 309 and 206.
103
What is the greatest common factor of 4368 and 60?
12
Calculate the highest common divisor of 35 and 231.
7
Calculate the highest common factor of 25 and 190.
5
What is the highest common divisor of 1862 and 114?
38
Calculate the greatest common factor of 42 and 742.
14
Calculate the greatest common factor of 18080 and 160.
160
Calculate the greatest common divisor of 1095 and 75.
15
What is the greatest common divisor of 60 and 12900?
60
Calculate the greatest common divisor of 48 and 456.
24
What is the highest common factor of 300 and 39700?
100
Calculate the highest common divisor of 505 and 5.
5
What is the greatest common divisor of 735 and 35?
35
Calculate the greatest common divisor of 9118 and 97.
97
What is the highest common divisor of 13 and 949?
13
What is the highest common factor of 385 and 21?
7
Calculate the greatest common divisor of 16989 and 84.
21
What is the highest common divisor of 18 and 171?
9
What is the highest common factor of 1300 and 4100?
100
Calculate the greatest common divisor of 4 and 82.
2
Calculate the greatest common divisor of 66 and 132.
66
Calculate the highest common factor of 828 and 7728.
276
What is the greatest common factor of 3 and 3837?
3
What is the highest common divisor of 14 and 4?
2
What is the highest common divisor of 3 and 2463?
3
What is the greatest common factor of 130 and 78?
26
What is the greatest common factor of 1323 and 81?
27
Calculate the greatest common factor of 819 and 195.
39
What is the greatest common factor of 192 and 256?
64
What is the greatest common divisor of 12 and 54?
6
What is the highest common divisor of 64861 and 37?
37
Calculate the highest common divisor of 28120 and 555.
185
Calculate the highest common divisor of 2055 and 5069.
137
What is the greatest common factor of 583 and 11?
11
Calculate the highest common divisor of 44 and 594.
22
Calculate the highest common factor of 408 and 24.
24
Calculate the greatest common divisor of 3 and 87.
3
What is the highest common factor of 504 and 72?
72
What is the highest common factor of 5275 and 25?
25
What is the highest common factor of 119 and 2975?
119
Calculate the highest common divisor of 304 and 4712.
152
What is the greatest common divisor of 161 and 1148?
7
Calculate the greatest common factor of 24 and 256.
8
Calculate the greatest common divisor of 96 and 32.
32
Calculate the highest common divisor of 15 and 1805.
5
What is the highest common divisor of 564 and 1551?
141
What is the greatest common factor of 589 and 31?
31
What is the highest common factor of 14276 and 516?
172
Calculate the greatest common divisor of 7 and 1533.
7
What is the greatest common divisor of 6860 and 80?
20
What is the highest common factor of 828 and 36?
36
What is the greatest common factor of 114 and 9652?
38
Calculate the greatest common factor of 2698 and 874.
38
Calculate the greatest common factor of 7020 and 208.
52
What is the highest common factor of 76 and 1330?
38
What is the greatest common divisor of 80 and 500?
20
Calculate the highest common divisor of 442 and 39.
13
Calculate the highest common divisor of 1173 and 51.
51
What is the highest common factor of 416 and 52?
52
What is the greatest common divisor of 37 and 814?
37
Calculate the greatest common factor of 42 and 11886.
42
What is the greatest common factor of 150 and 410?
10
Calculate the greatest common divisor of 528 and 297.
33
What is the highest common divisor of 493 and 29?
29
Calculate the highest common factor of 310 and 30845.
155
Calculate the greatest common divisor of 66 and 550.
22
Calculate the highest common divisor of 37 and 1517.
37
What is the greatest common divisor of 425 and 225?
25
What is the greatest common factor of 1620 and 25?
5
What is the highest common divisor of 7776 and 64?
32
What is the greatest common divisor of 33 and 13101?
33
Calculate the highest common factor of 63 and 2529.
9
What is the greatest common factor of 376 and 141?
47
What is the greatest common divisor of 768 and 12?
12
What is the highest common factor of 160 and 6528?
32
Calculate the greatest common factor of 8440 and 16.
8
Calculate the highest common factor of 287 and 820.
41
Calculate the greatest common divisor of 30 and 105.
15
Calculate the highest common divisor of 24 and 7842.
6
Calculate the highest common factor of 168 and 112.
56
Calculate the greatest common divisor of 54 and 396.
18
Calculate the greatest common divisor of 546 and 42.
42
What is the highest common factor of 8 and 288?
8
Calculate the greatest common divisor of 108 and 612.
36
Calculate the greatest common factor of 220 and 77.
11
What is the highest common factor of 1140 and 60?
60
What is the greatest common divisor of 3211 and 1235?
247
What is the highest common factor of 441 and 42?
21
Calculate the greatest common factor of 4 and 300.
4
What is the greatest common factor of 1829 and 59?
59
What is the greatest common factor of 2489 and 2620?
131
What is the highest common factor of 141 and 1786?
47
What is the highest common divisor of 1644 and 12?
12
What is the greatest common divisor of 33 and 21?
3
Calculate the highest common factor of 91 and 39.
13
Calculate the highest common divisor of 69 and 23.
23
What is the greatest common factor of 11 and 1408?
11
Calculate the highest common factor of 39 and 1248.
39
Calculate the greatest common factor of 6 and 2118.
6
Calculate the highest common factor of 34664 and 56.
56
Calculate the greatest common divisor of 8 and 244.
4
What is the greatest common divisor of 1975 and 79?
79
Calculate the highest common divisor of 55 and 1562.
11
What is the highest common factor of 4605 and 15?
15
What is the greatest common factor of 285 and 30?
15
What is the greatest common factor of 6910 and 10?
10
What is the greatest common factor of 15 and 465?
15
Calculate the greatest common factor of 52 and 148.
4
Calculate the greatest common factor of 24 and 104.
8
What is the highest common factor of 350 and 85050?
350
Calculate the highest common factor of 255 and 935.
85
Calculate the highest common divisor of 4966 and 26.
26
What is the greatest common divisor of 3483 and 81?
81
Calculate the highest common divisor of 1425 and 75.
75
What is the highest common divisor of 9 and 126?
9
What is the highest common divisor of 84 and 6?
6
What is the greatest common divisor of 1475 and 236?
59
What is the greatest common divisor of 17 and 1649?
17
Calculate the greatest common divisor of 143 and 55.
11
What is the greatest common factor of 22158 and 18?
18
What is the greatest common factor of 575 and 30?
5
What is the highest common factor of 79 and 869?
79
Calculate the greatest common divisor of 70 and 58555.
35
What is the highest common divisor of 16000 and 125?
125
Calculate the greatest common factor of 2220 and 60.
60
What is the highest common divisor of 224 and 112?
112
What is the highest comm